o base 16.
f8
What is -90 (base 16) in base 4?
-2100
What is 1 (base 12) in base 11?
1
Convert -184 (base 12) to base 4.
-3310
c (base 13) to base 12
10
3 (base 8) to base 3
10
-271 (base 12) to base 9
-454
What is 46 (base 11) in base 14?
38
What is -54 (base 10) in base 5?
-204
Convert 4 (base 15) to base 12.
4
48 (base 13) to base 2
111100
What is -8 (base 10) in base 8?
-10
Convert -110 (base 2) to base 16.
-6
2211 (base 4) to base 12
119
Convert 20 (base 13) to base 15.
1b
Convert -110 (base 2) to base 16.
-6
0 (base 10) to base 7
0
4 (base 7) to base 16
4
62 (base 9) to base 8
70
Convert 3 (base 5) to base 15.
3
15 (base 12) to base 2
10001
Convert 301 (base 7) to base 10.
148
What is -3 (base 6) in base 7?
-3
-37 (base 11) to base 14
-2c
Convert -12 (base 7) to base 8.
-11
What is -11a (base 13) in base 6?
-520
95 (base 15) to base 6
352
Convert -1 (base 15) to base 7.
-1
What is -1023 (base 5) in base 13?
-a8
27 (base 8) to base 3
212
What is -133 (base 4) in base 15?
-21
Convert 120 (base 11) to base 3.
12022
Convert -10132 (base 4) to base 3.
-101121
-18 (base 10) to base 14
-14
Convert 22222 (base 3) to base 6.
1042
Convert 1000100 (base 2) to base 5.
233
5 (base 9) to base 13
5
Convert 15 (base 9) to base 13.
11
Convert -b (base 16) to base 8.
-13
Convert -11211 (base 3) to base 2.
-10000010
-7 (base 8) to base 5
-12
7 (base 10) to base 5
12
Convert -18a (base 13) to base 11.
-238
Convert 241 (base 6) to base 8.
141
What is -1 (base 10) in base 15?
-1
0 (base 13) to base 6
0
What is -25 (base 12) in base 6?
-45
Convert -2 (base 6) to base 16.
-2
Convert -401 (base 5) to base 4.
-1211
Convert -8 (base 14) to base 5.
-13
-3 (base 12) to base 2
-11
What is 333 (base 4) in base 2?
111111
34 (base 11) to base 3
1101
Convert -22 (base 13) to base 15.
-1d
What is -2 (base 9) in base 4?
-2
What is 110 (base 12) in base 4?
2130
0 (base 13) to base 5
0
What is 55 (base 10) in base 11?
50
What is 242 (base 6) in base 9?
118
Convert -101 (base 2) to base 14.
-5
-2 (base 10) to base 2
-10
Convert -17 (base 12) to base 4.
-103
Convert -199 (base 10) to base 15.
-d4
-2 (base 16) to base 2
-10
What is -1e (base 15) in base 14?
-21
Convert -16 (base 12) to base 3.
-200
Convert -1 (base 5) to base 7.
-1
1120 (base 3) to base 15
2c
What is 3c (base 13) in base 5?
201
What is -4 (base 11) in base 8?
-4
What is -50 (base 15) in base 4?
-1023
What is -120 (base 3) in base 16?
-f
Convert 20 (base 3) to base 5.
11
Convert 1135 (base 6) to base 9.
335
Convert 2 (base 13) to base 10.
2
-10 (base 3) to base 14
-3
321 (base 5) to base 8
126
Convert -4 (base 7) to base 5.
-4
Convert -27 (base 13) to base 11.
-30
5 (base 15) to base 9
5
Convert 9 (base 16) to base 5.
14
-4 (base 14) to base 5
-4
What is 21 (base 6) in base 8?
15
-2 (base 10) to base 6
-2
Convert -101 (base 2) to base 10.
-5
Convert -1102 (base 5) to base 7.
-305
221 (base 4) to base 2
101001
Convert -110110100 (base 2) to base 15.
-1e1
Convert 7 (base 8) to base 7.
10
Convert 1 (base 3) to base 6.
1
103 (base 4) to base 2
10011
What is 2 (base 9) in base 8?
2
Convert -5 (base 13) to base 5.
-10
What is 1222 (base 3) in base 6?
125
What is -1003 (base 4) in base 11?
-61
What is 12 (base 5) in base 8?
7
51 (base 8) to base 9
45
Convert 10 (base 11) to base 5.
21
What is 59 (base 11) in base 6?
144
What is -312 (base 4) in base 7?
-105
-12 (base 3) to base 12
-5
-4 (base 6) to base 4
-10
Convert -61 (base 9) to base 14.
-3d
Convert -113 (base 5) to base 14.
-25
What is 43 (base 12) in base 3?
1220
What is 4 (base 14) in base 4?
10
-1 (base 3) to base 14
-1
What is -5 (base 14) in base 12?
-5
What is -26 (base 16) in base 8?
-46
What is 10 (base 3) in base 15?
3
Convert 9 (base 13) to base 8.
11
6 (base 14) to base 13
6
-4 (base 12) to base 7
-4
121 (base 6) to base 3
1211
Convert -3 (base 4) to base 13.
-3
Convert 5 (base 16) to base 4.
11
Convert 273 (base 9) to base 3.
22110
Convert -5 (base 7) to base 10.
-5
Convert 22 (base 3) to base 14.
8
33 (base 10) to base 13
27
Convert -16 (base 7) to base 5.
-23
What is -11 (base 11) in base 6?
-20
Convert -3 (base 15) to base 16.
-3
Convert -89 (base 10) to base 8.
-131
-3 (base 8) to base 4
-3
10 (base 14) to base 13
11
Convert 121 (base 12) to base 9.
207
-1233 (base 4) to base 7
-216
212 (base 3) to base 15
18
Convert -31 (base 5) to base 2.
-10000
What is -a3 (base 14) in base 7?
-263
What is 12 (base 11) in base 2?
1101
44 (base 9) to base 14
2c
3 (base 12) to base 10
3
Convert -5 (base 15) to base 16.
-5
Convert 5 (base 14) to base 8.
5
Convert 2 (base 14) to base 4.
2
22 (base 3) to base 14
8
-4 (base 16) to base 4
-10
-1 (base 3) to base 9
-1
What is 5 (base 13) in base 15?
5
Convert -11 (base 12) to base 15.
-d
What is 1 (base 16) in base 14?
1
What is 111 (base 3) in base 14?
d
Convert 1 (base 5) to base 16.
1
8 (base 11) to base 7
11
-2 (base 10) to base 12
-2
What is -32 (base 12) in base 6?
-102
What is 43 (base 9) in base 5?
124
What is -5 (base 10) in base 14?
-5
What is -b (base 14) in base 10?
-11
What is -20 (base 10) in base 13?
-17
What is -102 (base 4) in base 5?
-33
What is -3 (base 14) in base 6?
-3
Convert 2 (base 4) to base 16.
2
What is -160 (base 8) in base 9?
-134
What is -3 (base 6) in base 5?
-3
Convert -326 (base 9) to base 8.
-413
Convert 1 (base 7) to base 13.
1
Convert -13 (base 12) to base 13.
-12
Convert 47 (base 9) to base 4.
223
What is 11010 (base 2) in base 16?
1a
What is 34 (base 6) in base 4?
112
What is -2 (base 5) in base 8?
-2
Convert 15 (base 10) to base 11.
14
What is 178 (base 9) in base 15?
a2
-5 (base 9) to base 3
-12
-62 (base 16) to base 12
-82
What is 55 (base 12) in base 7?
122
Convert 4 (base 11) to base 13.
4
-563 (base 7) to base 15
-145
5 (base 9) to base 6
5
What is 202 (base 3) in base 10?
20
What is 21 (base 4) in base 12?
9
-2 (base 16) to base 9
-2
Convert -46 (base 14) to base 9.
-68
Convert -220 (base 5) to base 4.
-330
What is -11 (base 3) in base 7?
-4
What is -51 (base 11) in base 16?
-38
Convert 2 (base 4) to base 12.
2
250 (base 10) to base 13
163
-141 (base 8) to base 11
-89
-4 (base 10) to base 4
-10
-1011100 (base 2) to base 4
-1130
Convert 142 (base 7) to base 2.
1001111
6 (base 11) to base 10
6
What is -4 (base 16) in base 12?
-4
What is 223 (base 11) in base 3?
100220
Convert -a8 (base 15) to base 11.
-134
7 (base 13) to base 6
11
Convert 2 (base 5) to base 12.
2
What is -4 (base 9) in base 12?
-4
What is -16 (base 11) in base 14?
-13
What is -6 (base 14) in base 4?
-12
-105 (base 10) to base 11
-96
16 (base 9) to base 3
120
What is -43 (base 16) in base 15?
-47
Convert -52 (base 6) to base 11.
-2a
Convert -11 (base 2) to base 13.
-3
What is 1 (base 10) in base 9?
1
33 (base 6) to base 15
16
2 (base 9) to base 15
2
What is 1 (base 7) in base 4?
1
What is -10 (base 2) in base 6?
-2
What is 42 (base 6) in base 5?
101
What is 1110 (base 2) in base 7?
20
What is -110 (base 2) in base 3?
-20
What is -102 (base 3) in base 8?
-13
21 (base 5) to base 14
b
-1110 (base 3) to base 16
-27
What is 12002 (base 3) in base 14?
9b
-43 (base 14) to base 11
-54
103 (base 8) to base 10
67
Convert 2 (base 6) to base 11.
2
What is 10 (base 2) in base 12?
2
Convert -6 (base 7) to base 12.
-6
What is 202 (base 7) in base 14?
72
Convert 145 (base 13) to base 16.
e2
15a (base 16) to base 3
110211
Convert -13 (base 5) to base 8.
-10
Convert -d (base 16) to base 5.
-23
Convert 1 (base 6) to base 11.
1
What is -3 (base 10) in base 4?
-3
Convert 14 (base 12) to base 16.
10
111 (base 3) to base 12
11
Convert 10 (base 6) to base 9.
6
103 (base 4) to base 16
13
What is 0 (base 13) in base 15?
0
Convert 76 (base 15) to base 14.
7d
Convert 0 (base 5) to base 16.
0
-1 (base 11) to base 10
-1
What is 6 (base 16) in base 8?
6
Convert 4 (base 14) to base 13.
4
-2 (base 11) to base 9
-2
Convert -4 (base 15) to base 9.
-4
5 (base 14) to base 13
5
0 (base 15) to base 6
0
Convert -1 (base 13) to base 16.
-1
Convert -52 (base 8) to base 14.
-30
Convert 110000 (base 2) to base 4.
300
What is -1011 (base 2) in base 3?
-102
-6 (base 13) to base 5
-11
7 (base 9) to base 8
7
What is -6 (base 13) in base 9?
-6
Convert -3 (base 6) to base 9.
-3
What is 1 (base 4) in base 11?
1
-8 (base 9) to base 3
-22
21 (base 8) to base 